952916?
True
Does 6 divide 1362876?
True
Is 805714 a multiple of 24?
False
Is 471 a factor of 3352273?
False
Is 15 a factor of 22909?
False
Is 1168080 a multiple of 48?
True
Does 18 divide 220440?
False
Does 4 divide 27678?
False
Does 206 divide 291537?
False
Does 64 divide 37568?
True
Does 120 divide 4995360?
True
Does 12 divide 3163677?
False
Is 12 a factor of 707009?
False
Is 156 a factor of 260374?
False
Does 169 divide 15379?
True
Does 210 divide 3546060?
True
Is 643752 a multiple of 7?
False
Is 11 a factor of 1603133?
False
Is 23921 a multiple of 5?
False
Is 154 a factor of 1314236?
True
Does 9 divide 308207?
False
Is 915198 a multiple of 6?
True
Does 457 divide 324470?
True
Is 451 a factor of 101475?
True
Is 116116 a multiple of 52?
True
Is 33 a factor of 113395?
False
Is 336544 a multiple of 264?
False
Is 237744 a multiple of 936?
True
Is 3720656 a multiple of 152?
True
Does 16 divide 1561584?
True
Does 22 divide 1820896?
True
Does 381 divide 1019175?
True
Is 19022784 a multiple of 16?
True
Does 4 divide 103715?
False
Does 9 divide 36528?
False
Does 112 divide 488032?
False
Does 85 divide 117300?
True
Is 80 a factor of 307909?
False
Is 14018 a multiple of 2?
True
Is 22 a factor of 24299?
False
Is 199 a factor of 8681773?
True
Is 1490 a factor of 615370?
True
Does 35 divide 36715?
True
Does 1646 divide 5471304?
True
Is 3 a factor of 29188?
False
Does 62 divide 453884?
False
Does 6 divide 84854?
False
Does 196 divide 106065?
False
Does 103 divide 813906?
True
Is 5457112 a multiple of 173?
True
Is 40 a factor of 85799?
False
Is 1236435 a multiple of 33?
False
Is 522252 a multiple of 5?
False
Is 8205323 a multiple of 1823?
True
Does 123 divide 6104?
False
Does 13 divide 92573?
True
Is 1864115 a multiple of 55?
True
Does 48 divide 1283232?
True
Is 64 a factor of 815489?
False
Is 8 a factor of 1130394?
False
Does 856 divide 447688?
True
Is 405756 a multiple of 36?
True
Does 59 divide 352857?
False
Does 275 divide 166085?
False
Does 77 divide 257103?
True
Is 14 a factor of 4407942?
True
Is 119766 a multiple of 85?
False
Is 10399382 a multiple of 1561?
True
Is 5597 a multiple of 10?
False
Is 25 a factor of 1319575?
True
Is 6635 a multiple of 98?
False
Does 57 divide 1562132?
False
Is 4493131 a multiple of 13?
False
Does 48 divide 2945280?
True
Is 589003 a multiple of 37?
True
Does 31 divide 137051?
True
Does 4 divide 8145?
False
Is 11 a factor of 404372?
False
Is 21 a factor of 168777?
True
Is 429 a factor of 123981?
True
Does 5 divide 50175?
True
Is 1740525 a multiple of 115?
True
Does 127 divide 79635?
False
Is 95760 a multiple of 9?
True
Is 540792 a multiple of 259?
True
Is 496475 a multiple of 5?
True
Is 146 a factor of 343830?
True
Does 4 divide 43752?
True
Does 17 divide 574827?
False
Is 264676 a multiple of 101?
False
Is 7130 a multiple of 10?
True
Does 126 divide 249916?
False
Is 122 a factor of 191296?
True
Does 31 divide 1845833?
True
Is 2939612 a multiple of 23?
False
Is 115248 a multiple of 392?
True
Is 2094 a multiple of 17?
False
Is 24 a factor of 12216?
True
Does 16 divide 410832?
True
Is 4419128 a multiple of 45?
False
Is 142 a factor of 951739?
False
Is 23 a factor of 140476?
False
Does 73 divide 1113906?
False
Is 1004406 a multiple of 42?
False
Does 11 divide 643825?
False
Does 27 divide 298355?
False
Is 256 a factor of 142080?
True
Does 3 divide 141873?
True
Is 231138 a multiple of 18?
True
Is 196 a factor of 161504?
True
Is 3316433 a multiple of 7?
False
Is 45 a factor of 441731?
False
Is 3470720 a multiple of 10?
True
Is 2480 a multiple of 80?
True
Is 8618 a multiple of 6?
False
Is 13 a factor of 107692?
True
Does 784 divide 22026480?
True
Is 3190 a factor of 35999150?
True
Is 20381 a multiple of 617?
False
Does 468 divide 1735006?
False
Does 38 divide 1434?
False
Does 3 divide 60803?
False
Is 9 a multiple of 5?
False
Does 33 divide 181091?
False
Is 1522277 a multiple of 31?
False
Does 8 divide 4352064?
True
Is 75144 a multiple of 4?
True
Does 378 divide 1999242?
True
Does 19 divide 1405607?
False
Does 14 divide 2277863?
False
Is 174 a factor of 971875?
False
Is 7 a factor of 9534?
True
Is 6 a factor of 609817?
False
Is 150904 a multiple of 14?
False
Does 82 divide 21648?
True
Is 9 a factor of 382464?
True
Is 8 a factor of 1650905?
False
Is 15 a factor of 1404465?
True
Is 1825 a factor of 6132000?
True
Is 13 a factor of 42786?
False
Is 83 a factor of 804452?
False
Is 851641 a multiple of 908?
False
Does 32 divide 102411?
False
Is 2321 a multiple of 11?
True
Does 5 divide 69670?
True
Is 26 a factor of 4540911?
False
Is 178 a factor of 19042?
False
Is 1292960 a multiple of 25?
False
Does 4 divide 59304?
True
Is 145 a factor of 487635?
True
Does 18 divide 857477?
False
Is 355 a factor of 10808?
False
Is 10914162 a multiple of 8?
False
Is 6 a factor of 89568?
True
Is 113729 a multiple of 193?
False
Does 57 divide 18492111?
True
Does 22 divide 84040?
True
Is 1327061 a multiple of 71?
True
Does 1458 divide 16033758?
False
Is 3995349 a multiple of 597?
False
Is 17 a factor of 41822?
False
Is 111275 a multiple of 394?
False
Is 29430 a multiple of 327?
True
Is 2384 a multiple of 27?
False
Does 157 divide 483772?
False
Is 1297431 a multiple of 261?
True
Is 48384 a multiple of 84?
True
Is 172 a factor of 492608?
True
Is 283787 a multiple of 1376?
False
Does 74 divide 170370?
False
Is 50944 a multiple of 128?
True
Is 7911071 a multiple of 28?
False
Is 476662 a multiple of 13?
False
Is 4794568 a multiple of 16?
False
Is 121 a factor of 135739?
False
Is 490 a factor of 11698750?
True
Does 116 divide 15776?
True
Is 2288 a multiple of 13?
True
Is 676 a factor of 69628?
True
Is 20 a factor of 2221527?
False
Is 58470 a multiple of 30?
True
Does 6 divide 1563879?
False
Is 659502 a multiple of 81?
True
Is 28 a factor of 8848?
True
Does 11 divide 135795?
True
Is 11 a factor of 136411?
True
Is 1436264 a multiple of 24?
False
Is 43 a factor of 290078?
True
Is 18 a factor of 452905?
False
Is 298 a factor of 7499426?
False
Is 43 a factor of 1011984?
False
Is 1271116 a multiple of 849?
False
Is 579441 a multiple of 87?
False
Is 504 a factor of 546840?
True
Does 45 divide 263905?
False
Is 58072 a multiple of 854?
True
Does 18 divide 28314?
True
Is 1298878 a multiple of 14?
True
Is 44 a factor of 328207?
False
Is 2468394 a multiple of 162?
True
Is 13635789 a multiple of 1199?
False
Is 146748 a multiple of 144?
False
Is 489866 a multiple of 26?
True
Is 476 a factor of 4744005?
False
Is 92 a factor of 1033064?
False
Is 14446796 a multiple of 14?
True
Does 190 divide 147440?
True
Is 33 a factor of 4078117?
False
Is 28 a factor of 2226504?
True
Is 9534238 a multiple of 1387?
True
Is 8 a factor of 35713?
False
Is 2 a factor of 133067?
False
Is 4849117 a multiple of 1183?
True
Is 5 a factor of 11834525?
True
Is 168618 a multiple of 311?
False
Is 8 a factor of 108048?
True
Does 599 divide 3059093?
True
Is 355000 a multiple of 25?
True
Does 194 divide 6973587?
False
Does 924 divide 4882242?
False
Is 35 a factor of 139795?
False
Does 14 divide 32647?
False
Does 213 divide 1430278?
False
Is 962475 a multiple of 20?
False
Is 316901 a multiple of 247?
True
Is 462 a factor of 6590969?
False
Does 130 divide 44720?
True
Is 21 a factor of 238929?
False
Does 136 divide 1527688?
True
Does 18 divide 172728?
True
Is 9451510 a multiple of 231?
False
Does 13 divide 23299618?
False
Does 305 divide 2721515?
True
Is 57 a factor of 779190?
True
Is 32 a factor of 179264?
True
Is 142 a factor of 6320706?
False
Does 8 divide 1151210?
False
Is 10 a factor of 600750?
True
Is 288 a factor of 45216?
True
Does 5 divide 117420?
True
Is 7517070 a multiple of 495?
True
Is 1340 a factor of 270680?
True
Is 2478517 a multiple of 435?
False
Is 5385 a multiple of 8?
False
Is 722 a factor of 2043982?
True
Is 24 a factor of 3320297?
False
Is 1654601 a multiple of 515?
False
Is 244 a factor of 464371?
False
Is 937150 a multiple of 615?
False
Does 69 divide 1376205?
True
Is 713520 a multiple of 360?
True
Is 11666192 a multiple of 16?
True
Is 64284 even?
True
Does 23 divide 1128218?
False
Is 113778 a multiple of 42?
True
Is 6 a factor of 62640?
True
Is 40 a factor of 178320?
True
Is 236 a factor of 3046288?
True
Is 4043700 a multiple of 20?
True
Is 34 a factor of 27710?
True
Is 556540 a mult